 What are the prime factors of b(u)?
2, 3, 7
Suppose 1 + 23 = 8*q. List the prime factors of 2 - (-108)/8*8 - q.
107
Let v = -28 - -30. Suppose -4*y - 222 = -v*u, 5*u = 3*y + y + 567. List the prime factors of u.
5, 23
Let x(v) = v**3 - 7*v**2 + 10*v + 5. Let n be x(8). Suppose -z + 0*o + n = -2*o, -o = 4*z - 587. What are the prime factors of z?
3, 7
List the prime factors of 387/(((-234)/12)/(-13)).
2, 3, 43
Let m(c) = 9*c - 2. Suppose -12 = -5*u + 2*u. Let l be m(u). What are the prime factors of 1 + 4/8*l?
2, 3
Suppose -3*q - b - 67 = -8*q, 5*b = -q + 3. Let o = 15 - q. What are the prime factors of o?
2
Let f(h) = -h**3 + 28*h**2 - 47*h + 53. List the prime factors of f(25).
3, 251
Suppose -2*z - 7*d + 4722 = -2*d, 0 = -4*z - 4*d + 9432. List the prime factors of z.
2, 19, 31
Let d(x) = 7*x**2 - 2*x - 6. Let q be d(6). Let k = -103 + q. What are the prime factors of k?
131
Let k(o) = 28*o + 154. List the prime factors of k(10).
2, 7, 31
Suppose 4*a + 800 = 9*a. Suppose j + a = 11*j. List the prime factors of j.
2
Let q = 429 - 430. Let u(x) = 2*x + 1. Let n be u(-2). What are the prime factors of -4 + q + 53 + n?
3, 5
Let f = 14 + -18. Let l be ((-280)/15)/f*-3. What are the prime factors of (-956)/l + 4/(-14)?
2, 17
What are the prime factors of 3/1*122/(-183) - -5640?
2, 2819
Let g = -13 + 17. Suppose g*w + 76 = 3*s, -2*s - 4*w - w + 43 = 0. Let r = -16 + s. What are the prime factors of r?
2
Suppose 26*v - 23*v = 1347. Let h = v + -254. List the prime factors of h.
3, 5, 13
Suppose -s = -j - 2*s - 126, 2*j + s + 255 = 0. Let c be j/(-6) - (-4)/8. Let b = c + -11. What are the prime factors of b?
11
Let a(i) = 3*i + 112. Let q(p) = -2*p + 10. Let b be q(5). List the prime factors of a(b).
2, 7
Suppose w + w - 761 = 5*i, -2*w = -2*i - 764. What are the prime factors of w?
383
Let c(y) = 6*y**2 + 9*y + 52. What are the prime factors of c(-9)?
457
Let q = 66 + -62. Suppose 4*w + q*w = 808. List the prime factors of w.
101
Suppose -n + 2 = -3. Suppose -3 = n*t - 293. Suppose -j = a + j - 6, -3*a + 4*j + t = 0. What are the prime factors of a?
2, 7
Suppose -2*v - 2*z = 2*z - 8, -2*v = 3*z - 8. Let q be 4359 - (16/(-2))/v. What are the prime factors of (-4)/18 + q/63?
3, 23
What are the prime factors of (-770)/15*(-5 + -41 + 7)?
2, 7, 11, 13
Let u(x) = -2*x + 12. Let j be u(5). Suppose 5*m - j*m - 4*h = 153, 116 = 2*m + 2*h. List the prime factors of m.
5, 11
Let u(g) = -4*g**3 - 3*g**2 + 2*g - 2. Let r be u(-3). Suppose 5 = c - r. What are the prime factors of c?
2, 3, 13
Let j = -74 + 78. What are the prime factors of -3 - -7 - (-524)/j?
3, 5
Let b = 29 - 29. Suppose -4*l + l + 120 = b. List the prime factors of l.
2, 5
Let w(r) be the second derivative of r**5/40 + r**4/24 + r**3/3 - 4*r. Let t(l) be the second derivative of w(l). What are the prime factors of t(3)?
2, 5
Let j be (9 + -7)*(-42)/4. Let f = 19 - j. List the prime factors of f.
2, 5
Let s(z) = 421*z + 107. What are the prime factors of s(7)?
2, 3, 509
List the prime factors of (-542)/3*(-5 - -2).
2, 271
Let q = 26 - 46. Let h = q - -55. Let f = h + -20. List the prime factors of f.
3, 5
Let d(c) = 6*c - 55. Let m(w) = 3*w - 27. Let x(v) = -3*d(v) + 5*m(v). What are the prime factors of x(7)?
3
Suppose n = 5*y - 8, 3*n + 4*y = -2*n - 11. Let k be 11/n + (-32)/(-48). List the prime factors of ((-12)/10)/k*50.
2, 5
Let v = -15 + 7. Let r(g) be the second derivative of -g**5/20 - 2*g**4/3 - g**3/2 + 7*g**2/2 - 10*g. List the prime factors of r(v).
31
Let x = -32 - -14. Suppose -2*m = -8*m + 354. Let i = x + m. List the prime factors of i.
41
Suppose 16*q - 2792 - 1176 = 0. List the prime factors of q.
2, 31
Let s = 41 + 79. List the prime factors of s.
2, 3, 5
Let w be ((-26)/(-6))/(14/(-252)). Let k = w - -18. Let y = k - -126. What are the prime factors of y?
2, 3, 11
Let x(g) = -3*g - 2*g + 7*g + 2 - g. Let o be x(7). Let j = 45 + o. List the prime factors of j.
2, 3
Let h be ((-5)/4)/(3/(-12)). Suppose -w + 0 = -h. Suppose -4*a - 4*i = -w*a + 21, 2*i + 98 = 4*a. List the prime factors of a.
5
Let q(n) = n + 16. Let s be ((-11)/(-2))/((-5)/10). Let j be q(s). Suppose -j*c = h - 21, -2*h - c - 1 + 25 = 0. What are the prime factors of h?
11
Suppose 0 = -3*p - 6, 4*l + 3*p + 8 = 2. Suppose l = k + 6. What are the prime factors of (-100)/k*3/2?
5
Let t(u) = -13*u + 2*u**3 - u**3 - 2*u + 11*u**2 + 3. Let r be t(-12). Suppose 0 = -2*n - n + r. What are the prime factors of n?
13
Suppose 0 = 2*d + 5*s + 53, -2*d - 4*s + 5*s - 35 = 0. Let j be (-3)/((-9)/(-2))*24. Let h = j - d. What are the prime factors of h?
3
Suppose -b - 234 = -3*b. What are the prime factors of (-3 + b/2)/((-6)/(-8))?
2, 37
Suppose -5*l + 5*u - 90 = 0, 0 = -5*u - 11 - 4. Let a be (l/(-6))/7*-24. Let t = a + 24. List the prime factors of t.
2, 3
Let o(g) = 10*g**2 + 2*g - 1. Let b = 22 - 21. What are the prime factors of o(b)?
11
Let p be 2 + (-32)/12 + 3/(-9). Let u(h) = -211*h**3 + h. List the prime factors of u(p).
2, 3, 5, 7
Let f be 62/(2/1)*1. Suppose 2*r - f = 59. What are the prime factors of r?
3, 5
Let s(j) be the first derivative of -2*j + 8 + 4/3*j**3 - 1/4*j**4 + 3/2*j**2. List the prime factors of s(3).
2
Let t be 8/6 - (-550)/15. Let a = t + -2. Suppose -v - v = -a. List the prime factors of v.
2, 3
Let j = -2 + 4. Let t be -39 - (j - 1) - -2. Let g = t - -55. List the prime factors of g.
17
Let f(r) = 4*r**2 + 49*r + 15. List the prime factors of f(-14).
113
Let n(s) = 51*s. Let x be n(1). Let l = 11 - x. What are the prime factors of ((-63)/(-28))/((-3)/l)?
2, 3, 5
Let m(b) = -b**2 + 75*b - 19. What are the prime factors of m(6)?
5, 79
Let z(b) = 3*b - 7. Let c(m) be the third derivative of m**5/60 + 7*m**3/6 - 5*m**2. Let s be c(0). What are the prime factors of z(s)?
2, 7
Let h be -3 - (-9)/((-9)/(-20)). What are the prime factors of ((-3)/(-1))/(h/51)?
3
Let d(z) = -z**2 + 9*z + 3. Let v be 42/(-4)*(-12)/(-18). Let f be 2*(-3)/6*v. What are the prime factors of d(f)?
17
Let w = -5 - -17. Let m be 8/w*9/2. Suppose -5*r = -2*s - 64, r = -m*r - s + 59. What are the prime factors of r?
2, 7
Let b = 790 + -694. Suppose 4*d = -4*u + 628, 0*u + 2*u + 757 = 5*d. Let p = d - b. What are the prime factors of p?
3, 19
What are the prime factors of 8/((-192)/(-20)) - (-8607)/18?
479
Let r = -8219 - -13032. What are the prime factors of r?
4813
Let k = -3 - -4. List the prime factors of 9 - 12 - (-102 - k).
2, 5
Suppose 0 = c - 12 - 12. List the prime factors of ((-21)/(-2))/((-70)/c - -3).
2, 3, 7
Let m(a) = 4*a**3 + a**2 - 3*a + 5. Let l(d) = d**3 - 6*d**2 - 7*d - 3. Let x be l(7). Let n be 9 + x + 2*-2. What are the prime factors of m(n)?
5, 7
Let j(l) be the third derivative of -l**5/60 - l**4/8 + 2*l**3/3 - 3*l**2. Let k be j(-4). Suppose 2*x - 9 - 5 = k. List the prime factors of x.
7
Let n(i) = 2*i**2 + 6*i - 10. Let v be n(-5). Suppose v*b = 11*b - 51. What are the prime factors of b?
3, 17
Suppose 72*x + 247392 = 120*x. List the prime factors of x.
2, 3, 859
Let o be 187/(-9) - (-14)/(-63). Let m = o + 16. List the prime factors of m/((-60)/(-16))*-36.
2, 3
Let a be ((-16)/(-40))/(2/(-10)). Let c(f) be the first derivative of -35*f**2/2 - 2*f - 4. List the prime factors of c(a).
2, 17
Let k(c) = 45*c - 23*c - 27*c + 1. Let y be k(-1). Suppose y*l - 2*l = 204. List the prime factors of l.
3, 17
Suppose -27 = -k - 34. Suppose -4*p + 46 = -2. Let w = k + p. List the prime factors of w.
5
Suppose 3*i - 7*i = -2*x - 14, -1 = -5*x - 2*i. Let r = x - -7. List the prime factors of -50*(-1 - r/(-10)).
2, 5
Suppose 5*a - 4*l + 0*l = 18665, -3*l - 11202 = -3*a. List the prime factors of (-8)/10 - a/(-55).
67
Let n(k) = 8*k + 16. Let p be n(-2). What are the prime factors of p + 1 + 2 - (-78 + -18)?
3, 11
Let p = 190 - 2. Suppose -3*s + s + 4*g = -p, 2*g + 8 = 0. List the prime factors of s.
2, 43
Suppose 0 = -5*s - 22 - 23. Let d be (-376)/s + (-12)/(-54). Suppose -h = h - d. What are the prime factors of h?
3, 7
Suppose -16*f = -10*f - 4512. What are the prime factors of f?
2, 47
Let c(o) = 40*o**2 - 5*o + 5. List the prime factors of c(2).
5, 31
Suppose -d - 5*j = -73 + 5, -d - j = -52. Let b = -27 + d. List the prime factors of b + 3/(2 + -1).
2, 3
Let f(n) = n**2 - 26*n + 15. Let p(m) = -2*m**2 + 5